is divided by 100.
61
What is the remainder when 69129 is divided by 656?
249
Calculate the remainder when 40639859 is divided by 1615.
1614
Calculate the remainder when 4943378 is divided by 99.
11
What is the remainder when 10270 is divided by 34?
2
Calculate the remainder when 531908 is divided by 2979.
1646
What is the remainder when 4866764 is divided by 152085?
44
What is the remainder when 2908790 is divided by 296?
294
Calculate the remainder when 18788510 is divided by 2572.
50
Calculate the remainder when 19206823 is divided by 427.
363
What is the remainder when 577005 is divided by 332?
321
Calculate the remainder when 29765003 is divided by 160.
43
What is the remainder when 76912 is divided by 3702?
2872
What is the remainder when 7320016 is divided by 7?
4
What is the remainder when 45550779 is divided by 1469379?
30
What is the remainder when 885505 is divided by 616?
313
Calculate the remainder when 41895210 is divided by 675.
660
What is the remainder when 443988986 is divided by 10?
6
Calculate the remainder when 1887816 is divided by 4582.
32
What is the remainder when 27560929 is divided by 641?
493
Calculate the remainder when 2793299 is divided by 50.
49
What is the remainder when 20952962 is divided by 157541?
9
What is the remainder when 79817236 is divided by 39?
31
What is the remainder when 7085122 is divided by 13573?
16
Calculate the remainder when 10955179 is divided by 5477568.
43
What is the remainder when 2488592 is divided by 194?
154
Calculate the remainder when 1549939 is divided by 132.
127
What is the remainder when 1266165 is divided by 401?
208
What is the remainder when 482552 is divided by 892?
872
Calculate the remainder when 2964533 is divided by 42350.
33
Calculate the remainder when 6554295 is divided by 28.
27
Calculate the remainder when 38450623 is divided by 9644.
9639
Calculate the remainder when 3377421 is divided by 8508.
8253
What is the remainder when 41047140 is divided by 48?
36
Calculate the remainder when 15362892 is divided by 90.
72
What is the remainder when 25166174 is divided by 967?
966
Calculate the remainder when 356429 is divided by 3462.
3305
Calculate the remainder when 1114899 is divided by 189.
177
Calculate the remainder when 227385747 is divided by 4426.
4423
Calculate the remainder when 34693156 is divided by 1490.
1486
Calculate the remainder when 35729850 is divided by 8928.
8922
What is the remainder when 2205868 is divided by 2440?
108
Calculate the remainder when 1541390 is divided by 203.
11
Calculate the remainder when 19037213 is divided by 126.
125
What is the remainder when 13132928 is divided by 14?
4
Calculate the remainder when 4483611 is divided by 10190.
11
What is the remainder when 20692614 is divided by 28?
26
Calculate the remainder when 127436881 is divided by 63718431.
19
Calculate the remainder when 616689 is divided by 3646.
515
Calculate the remainder when 60795355 is divided by 30.
25
What is the remainder when 193793 is divided by 96894?
5
Calculate the remainder when 7487212 is divided by 109.
2
What is the remainder when 18757 is divided by 9191?
375
Calculate the remainder when 594637 is divided by 49545.
97
Calculate the remainder when 5800144 is divided by 52.
12
Calculate the remainder when 359572 is divided by 17978.
12
What is the remainder when 22679445 is divided by 634?
631
What is the remainder when 143646723 is divided by 20520960?
3
What is the remainder when 15322111 is divided by 274?
31
Calculate the remainder when 676570 is divided by 2642.
218
Calculate the remainder when 485866 is divided by 9491.
1825
What is the remainder when 71991348 is divided by 68?
20
Calculate the remainder when 153890 is divided by 787.
425
What is the remainder when 17684 is divided by 7563?
2558
What is the remainder when 988328 is divided by 121?
0
Calculate the remainder when 1005229 is divided by 59119.
206
Calculate the remainder when 376993 is divided by 14892.
4693
Calculate the remainder when 1160810 is divided by 1628.
46
What is the remainder when 983048 is divided by 128?
8
What is the remainder when 3413779 is divided by 285?
49
What is the remainder when 306082 is divided by 691?
660
Calculate the remainder when 179982615 is divided by 79.
75
What is the remainder when 9599931 is divided by 799994?
3
What is the remainder when 12843387 is divided by 2568677?
2
Calculate the remainder when 5143077 is divided by 20822.
43
Calculate the remainder when 24146888 is divided by 1124.
1120
Calculate the remainder when 5411 is divided by 2449.
513
Calculate the remainder when 877621 is divided by 438791.
39
Calculate the remainder when 7328345 is divided by 723.
17
What is the remainder when 6394414 is divided by 1297?
204
What is the remainder when 20296679 is divided by 7735?
39
Calculate the remainder when 2951122 is divided by 566.
564
Calculate the remainder when 1987544 is divided by 220830.
74
Calculate the remainder when 10394 is divided by 1040.
1034
What is the remainder when 964495 is divided by 19285?
245
What is the remainder when 1003862 is divided by 243?
29
Calculate the remainder when 195762439 is divided by 609.
607
Calculate the remainder when 1066597 is divided by 805.
777
What is the remainder when 4351876 is divided by 39206?
10
Calculate the remainder when 1802004 is divided by 3105.
1104
What is the remainder when 129971 is divided by 704?
435
Calculate the remainder when 1598722 is divided by 1598588.
134
What is the remainder when 1056044 is divided by 8949?
62
What is the remainder when 153641 is divided by 1315?
1101
What is the remainder when 167057 is divided by 714?
695
What is the remainder when 32068438 is divided by 4140?
4138
Calculate the remainder when 10738 is divided by 1163.
271
Calculate the remainder when 278762 is divided by 4972.
330
Calculate the remainder when 4225987 is divided by 4225962.
25
Calculate the remainder when 93660139 is divided by 203.
202
What is the remainder when 9654 is divided by 4132?
1390
Calculate the remainder when 7141428 is divided by 20.
8
Calculate the remainder when 1528027 is divided by 1527631.
396
Calculate the remainder when 3829399 is divided by 17172.
43
What is the remainder when 15399784 is divided by 99353?
69
What is the remainder when 14678988 is divided by 1467887?
118
What is the remainder when 339813 is divided by 1282?
83
Calculate the remainder when 14112355 is divided by 188163.
130
Calculate the remainder when 161630 is divided by 2183.
88
What is the remainder when 139972369 is divided by 6884?
6881
Calculate the remainder when 766809 is divided by 383403.
3
What is the remainder when 2192543 is divided by 754?
665
Calculate the remainder when 236014 is divided by 355.
294
Calculate the remainder when 60839 is divided by 13730.
5919
Calculate the remainder when 1074435 is divided by 2115.
15
Calculate the remainder when 8642266 is divided by 4321123.
20
What is the remainder when 150854 is divided by 36867?
3386
What is the remainder when 316124 is divided by 66?
50
What is the remainder when 570044 is divided by 484?
376
What is the remainder when 1302813 is divided by 27?
9
Calculate the remainder when 66751005 is divided by 11125167.
3
Calculate the remainder when 44367807 is divided by 59.
43
What is the remainder when 8256408 is divided by 1179484?
20
What is the remainder when 22771 is divided by 42?
7
Calculate the remainder when 4449578 is divided by 213.
8
Calculate the remainder when 17581492 is divided by 133193.
16
What is the remainder when 51304019 is divided by 1149?
20
What is the remainder when 105087 is divided by 5380?
2867
What is the remainder when 1134070749 is divided by 2388?
2385
What is the remainder when 10671749 is divided by 88?
77
Calculate the remainder when 439855 is divided by 87356.
3075
Calculate the remainder when 69968540 is divided by 23322834.
38
Calculate the remainder when 1991965 is divided by 67.
55
Calculate the remainder when 534931595 is divided by 35.
30
Calculate the remainder when 3138454 is divided by 1831.
120
What is the remainder when 27788735 is divided by 11?
7
What is the remainder when 5184879 is divided by 40?
39
What is the remainder when 187821 is divided by 1158?
225
What is the remainde